
3
Evaluate (-39 - (12 - (-11 + 27)) - 5) + 1 + 3.
-36
What is (-45 - 15) + -12 + -2 + 22?
-52
(-4 - -8) + (28 - 30) + 37 + -11
28
What is the value of 96 + 3 + (-5 - ((-17 - -10) + 3)) + -4?
94
-65 + (-15 - 7 - -9 - 13) + 18
-73
Evaluate (32 - (-10 - -10)) + -20 + 14.
26
What is the value of (0 - -16 - (3 - 0)) + (1693 - 1678)?
28
-15 - (9 + -1 - (-23 - 0 - -1))
-45
48 - -12 - (-8 + 5 - (1 + -8 - -1))
57
What is the value of (8 + -13 - -5) + (-4 + -10 - 3)?
-17
What is the value of 16 - 35 - (-14 - -22 - -19) - 7?
-53
-2 + (4 - ((29 - 4) + -24))
1
What is -2 + -48 - (11 + 37 + -76)?
-22
Evaluate -9 + -29 + -120 + 126 - (15 + -1).
-46
What is the value of (-6 - (5 + 2 - -1)) + -12 + (-1 - -6)?
-21
43 - ((-60 - -22) + 18)
63
What is the value of 18 + -5 + 31 + 26 - 27?
43
(-67 + 23 - -36) + 48
40
Calculate (2 - 18) + (0 + -2 - (-62 - (10 + -66))).
-12
What is 16 + 75 + -31 + (-18 - -11 - (-6 - -1))?
58
-7 - -48 - ((7 - -22 - 27) + 8 + -1)
32
What is 36 - (27 + 1 - -32)?
-24
Evaluate (11 + -12 - 31) + 5 + 16.
-11
(0 - 58) + 296 + -157
81
175 - 166 - (-3 + 2 - (-29 - 13))
-32
What is 230 + -319 + 69 - (-7 + 1 + 0)?
-14
(-39 - -37) + 129 - 71
56
Calculate 71 + 2 + 2178 + -2234.
17
-57 - -123 - (0 - 1 - (-16 + (3 - 0)))
54
43 - 51 - -4 - (-4 + 8 - -8)
-16
Calculate -8 - -13 - ((52 + -8 - 6) + 14).
-47
-331 + 336 + (3 - 1) + 24 + 1
32
What is the value of 207 + (-165 - -45) - -2?
89
Calculate 1 + 0 - (4 - (-214 + 276 + -10 + 0)).
49
What is 24 - (-3 - (15 + 13))?
55
What is (-58 - (1 + -44)) + 2 + (1 - 2)?
-14
39 + -28 + 19 + -69
-39
What is the value of -119 + (-145 + 367 - 124)?
-21
Calculate -6 + 1 + 0 - 4 - (-51 - -88).
-46
What is 1 - ((-2 - -16 - -74 - 17) + 4 + 2)?
-76
What is the value of 3 - ((-1 + 4 - -10 - -76) + 7 + -6)?
-87
Calculate -13 - (16 - (4 + -26 - -37)).
-14
What is the value of (-10 - (-10 + 19)) + 39 + 26?
46
What is the value of -148 - -124 - 19 - (-9 - 1 - 0)?
-33
(63 - (-9 - -8) - 19) + 25
70
What is 54 - (21 + 40 + 8 - 34)?
19
7 + -44 + -441 + 446
-32
Evaluate 72 + -44 + 11 + 0 + -71.
-32
Evaluate -3 + 1 + 7 - (-5 + -17 - 4).
31
5 - (12 - 5) - -12 - (93 - 4) - 12
-91
Calculate (-10 - (8 + -12 + -8) - (0 - -118)) + -8.
-124
(1 - -9) + -4293 + 4187
-96
What is the value of 54 + (53 - (47 - 19) - 19)?
60
What is the value of -204 + 404 + -139 + (-17 - 1)?
43
Calculate 198 + -199 - (36 + -8 + -2).
-27
What is the value of -16 - 0 - ((437 - 429) + (-4 - 2))?
-18
Evaluate -17 + 17 + 7 - -7 - 20.
-6
What is 96 + -30 + (-113 - 1)?
-48
-8 - (-11 - (-18 + 38 - 21))
2
What is the value of 21 + (4 - -17 - (-83 - -196))?
-71
(9 - 15) + (-40 - -14) + -25
-57
What is -2 + 33 + (50 + -1 + -61 - (-7 - -2))?
24
What is the value of -3 + 1 + -10 + (21 - 5) - (-41 - -1)?
44
Evaluate 3 + 2 + 2 - (-51 - (-67 + 42)).
33
-10 - ((1 - -16) + -1 + (6 - -12) + -8)
-36
What is the value of 3 + -1 + 30 + (-32 - (-32 - -20))?
12
-107 - (25 - (70 + 12))
-50
What is 167 + 70 + (-49 - -1) + -48?
141
Calculate -5 - 0 - -9 - (6 + 9 + -4).
-7
What is the value of -10 + (-9 - (10 - -2)) + 3?
-28
Calculate (-35 + 6 + 34 + (0 - -11) - 10) + 60.
66
Evaluate 39 - (74 + 136 + -124).
-47
Evaluate (-41 - -5 - (-385 - -321)) + -173.
-145
Evaluate (3 - (4 + -7)) + -7 + -6 - (-66 - -8).
51
(22 + -42 - (34 + -105)) + (-13 - -1)
39
What is the value of -77 - (-38 + 4 + (199 - 135))?
-107
-45 - (8 + 22 + -48)
-27
(-209 - -204 - (-6 + 0)) + -5
-4
Calculate (6 - 3 - -20) + (-97 - (-135 - -106)).
-45
What is the value of -135 - ((-44 - 50) + 39)?
-80
Evaluate 3 - (-12 + (-1 - (-16 + 14 + -7) - -14)).
-7
What is the value of -15 - -51 - -15 - 61?
-10
Calculate 72 + -27 + -14 + -20.
11
What is the value of 10 - ((13 - (9 - -8)) + 1 + 24)?
-11
-2 + 10 + -12 + (-16 - (4 + 3 + -4))
-23
What is (0 - -1) + 5 + 3 + -18 + 101 + -49?
43
Calculate 38 - (0 - 2 - (-250 + 256)).
46
What is the value of 15 - 88 - (1 - ((-7 - 17) + 7))?
-91
Evaluate -25 - ((-14 - 37) + -50).
76
What is 0 + 2 - (-74 + 6 - -55) - 112?
-97
What is the value of -41 + (64 - -29) + -110?
-58
Evaluate 1 - -2 - ((24 - 20 - 11) + 22).
-12
What is -10 + -102 + 4 + 47?
-61
Calculate -4 + -5 + (22 - 40) + -14 + 2.
-39
Calculate 0 - -31 - ((181 - 79) + -79).
8
What is -2 + -10 - (0 + (-1 - 35))?
24
(1360 - 1280) + -3 + -5 + (17 - 2)
87
What is the value of (-12 - (-8 + 9)) + (13 - -3 - 30)?
-27
Evaluate 4 + -10 + -38 - (-36 - -20).
-28
What is 0 + (-6 - -1) + -4 - (-39 + 4 + 4)?
22
What is the value of (-6 + 7 - -3) + (3 + 1 - (3 - 36))?
41
Evaluate 85 + -118 + (-25 - -43 - 24).
-39
Evaluate -1 + -6 - (-51 + 99 - 5).
-50
What is -820 + 822 - (-14 - ((2 - 6) + 6))?
18
What is the value of 138 + -51 + -11 + 0?
76
Evaluate (100 - 14) + -144 - 66.
-124
-10 - ((-27 - (-20 - (-2 + 21))) + (-1 - 11))
-10
What is 1 + -30 + -294 + 291?
-32
What is the value of -1 + 3 + (-4 - -3) + 8 + (3958 - 3914)?
53
Evaluate -56 + 50 - (-5 - 9) - 5 - 63.
-60
What is (-1 + -2 - (10 + -35 + 13 + 1)) + 6?
14
Calculate 2553 - 2639 - (5 + -114).
23
(-51 - -4) + (13 - (24 + -7 + 10))
-61
Calculate -36 - (3 - (-27 + 6) - -18).
-78
(254 - 246 - (-1 + 11)) + 49 + -13
34
Calculate (-1 - -43) + (4828 - 4872).
-2
39 + -50 - (-2 + -49 + (12 - 19))
47
What is -517 + 521 + (1 - 16) + 2 + (-53 - -3)?
-59
-34 + (230 + -132 - (0 - -10))
54
Evaluate 30 + (-112 - -52) - (55 + -9).
-76
What is the value of -80 + (1 + 18 - (-11 + (-18 - -66)))?
-98
-15 + 19 + 28 - (9 + 4)
19
Evaluate 17 + (-1 - (32 - 4)) - -18.
6
12 + 55 + -40 - 67
-40
-4 - (22 + -9 + -8 - (-17 - -9))
-17
Calculate (-4 - -37) + -801 + 803.
35
(123 - (98 - 63)) + -9 + (1 - (0 - 1))
81
17812 + -17837 - (-5 - (-1 - 1 - -1))
-21
3 + 8 - (12 + 38 - 13) - -15
-11
-4 - (20 + -16 - (-2 + 25)) - (-17 + 7)
25
Evaluate -97 + 50 + -40 - -130.
43
What is 13 - (15 + -19 - (-17 + (-1 - -7)))?
6
Calculate 17 - (34 - (10 + 40)).
33
Calculate (-2 - -1) + 2 + (293 - 289) + -10 - -50.
45
What is (604 - 630) + (13 - (-10 - -79))?
-82
What is 6867 + -6891 - (-29 - (-2 - -2))?
5
What is the value of (-21 + 5 - -7) + (1 - 9) - -65?
48
Evaluate -64 + (-30 + 21 + 1 - (-4 - (17 - 2))).
-53
(-2 + (-27 - -10 - -4) - -9) + 22
16
What is the value of 23 - 8 - -2 - 13 - 65?
-61
Calculate (48 - 56 - (3 + -13)) + (-57 - 16).
-71
What is (15 - -1) + (-2 - 16 - (361 + -392))?
29
What is the value of (-5 - -14 - 8 - 42) + 66 + -86?
-61
What is 8 - (12 - 21) - (-52 - -124)?
-55
Evaluate (-19 - 23 - (3 - (-1 + 12))) + 17.
-17
Evaluate 19 - ((47 - 52) + 30).
-6
(-14 - -13 - -42) + -29 + 18
30
(-38 - (11 + -26)) + (-44 - -30)
-37
Evaluate 312 + -39 + -299 + 1 + 0 + 3 + 0.
-22
Evaluate -32 + -8 + 9 + 48.
17
Evaluate 30 + (2 - 3) + (17 - 18) + -24 + 19.
23
10 + 13 - ((44 - 9) + -13)
1
What is the value of -1 + 43 + 172 + -146 + 10?
78
(28 - (-1 + -5 + 17)) + 33
50
-2 + -55 + (8 - (4 + 8)) + -11
-72
(-48 - -51) + -5 + -4
-6
-22 - (-14 - (42 - -10))
44
-24 - (-783 - -773 - (-22 - 1 - 2))
-39
What is (-42 - 9) + (11 - 8) + 6?
-42
Calculate 0 - 86 - (-1 - (-7 - 36)).
-128
What is 9 - (-1 + 2 + 110 + -94)?
-8
Calculate -4 - (-4 + 10) - (3 + 61 + -71 + 68).
-71
What is 33 - (67 + -7 - 21)?
-6
What is the value of 7 + 1 + 69 + (-44 - 29)?
4
Calculate -1 + 39 - (94 - (-85 + 161)).
20
Calculate (-23 - -25 - 26) + 25 + -2 + 9.
8
What is the value of -10 + (-10 - -8) - (-79 + -1 + -1 + -3)?
72
What is 7 + -26 + 43 + -16?
8
What is -53 - (-1 + 7 + -27 - -16)?
-48
What is the value of 12094 + -12069 + (16 - 1)?
40
(1 - -12) + (21 - -1) + 1233 + -1252
16
-39 + (6 - (-12 + 6 + (13 - 3) + 2))
-39
What is the value of -2 + 82 - (-1595 - -1601)?
74
Calculate (-132 - -151) + (-7 + -87 - -4).
-71
59 - (1 - (-19 - -27) - (-17 - 3))
46
-2 - (-5 + (-2 - -1 - 2) + (13 - 25))
18
What is the value of 53 + (8 - (36 + (-10 - -3)) - -17)?
49
What is the value of (-1 - (0 + -21) - (1427 - 1413)) + 24?
30
What is (-24 - (21 - (28 - (-2 - 13)))) + (3 - 123)?
-122
Calculate (-17 - ((20 - 15) + -15)) + -1.
-8
What is 5 + -6 - 2 - (10 + 0 + -1)?
-12
Calculate -3 + (-25 + 38 - (0 - (34 + -4))).
40
What is the value of 72 - (81 + -28 + -10)?
29
What is the value of -15 + -11 - -13 - (-58 + -26)?
71
What is the value of (32 - ((-24 - -18) + 31)) + 3 + -1 + 25?
34
(116 - (-13 + 37)) + -47
45
What is -1 + 7 - ((0 - -14) + (-5 - 55) + 27)?
25
12 - (-28 + 153 - 39)
-74
Evalua